 + 2*i/(-39).
2, 19
Let u = 7102 + -2199. What are the prime factors of u?
4903
Suppose 0*k - k = 4. Let j be (-6)/k - (-7)/14. Suppose 4*p - 14 = -3*f, j*p + 10 = -f - 3*p. List the prime factors of f.
2, 5
Suppose v - 3*v + 102 = 0. Suppose -2*z = -4*f + 72, 2*f = 5*z + 95 + 53. Let r = z + v. What are the prime factors of r?
23
Let t(a) = 2*a - a - 2*a - 2*a**2 - 38*a**3. Let q be (0 - 1)*(-2 - -3). What are the prime factors of t(q)?
37
Suppose -580 = -5*s - h - 4*h, -5*h - 530 = -5*s. List the prime factors of s.
3, 37
Let s = -353 + 1239. What are the prime factors of s?
2, 443
Suppose 4*y - 3*h + 8*h = -41, -5*y = -4*h. Let l be 2/y*8/4. List the prime factors of 42/9*-3*l.
2, 7
Let z(k) = -k**3 + 30*k**2 - 45*k + 52. List the prime factors of z(15).
2, 43
Let b be -3 + (3 - (6 + -3)). What are the prime factors of 78 - ((-30)/b)/(-5)?
2, 5
Suppose 7*y = -502 + 75. Let g = y - -110. List the prime factors of g.
7
Suppose -4*v = y - 20, -5*y - 3*v + 66 = -34. List the prime factors of 69 - 0*(-5)/y.
3, 23
Suppose 2*b + b - 1530 = 0. Suppose -6*j = -j - b. What are the prime factors of j?
2, 3, 17
Let n = 6 - 4. List the prime factors of (-5)/(n + 124/(-60)).
3, 5
Let s(q) = -535*q + 7. What are the prime factors of s(-1)?
2, 271
Let u(o) = o**2 - 7*o - 2. Suppose -3*f - 3*c - 9 = 0, 0 = -5*f - 2*c - 15 - 9. List the prime factors of u(f).
2, 19
Suppose 0 = -2*c + 8, -573 = -3*b - 5*c + 1232. List the prime factors of b.
5, 7, 17
Let p = 48 - 44. Suppose -3*v + 317 = p*b, 2*v = 3*b + 6 + 177. What are the prime factors of v?
3, 11
Suppose 0 = -4*q + 5*q - n - 186, 5*q - 2*n - 924 = 0. What are the prime factors of q?
2, 23
Suppose r - 4 = 3. Suppose -2*o = -r*o + 3*y + 13, 4*y = -2*o. What are the prime factors of 636/12*(o + -1)?
53
Let s(v) = -v**3 + 0*v + 12 + 6*v + 6*v**2 - 10*v**2. List the prime factors of s(-6).
2, 3
Let x(h) = -2*h**3 - 31*h**2 - 18*h + 13. What are the prime factors of x(-15)?
2, 29
Suppose -3*y - 11 = -5*u + 36, 0 = -5*y + 5. Let c be -2 + -1*(-18)/3. Suppose u = -2*t + c*t. List the prime factors of t.
5
Let c = 538 - 245. What are the prime factors of c?
293
Let p be 16*((-1)/2 + 2). Suppose -2*m = m - 42. Let r = p - m. What are the prime factors of r?
2, 5
What are the prime factors of 2673/3*52/26?
2, 3, 11
Suppose 4*x - 4 = 4. Let z = 7 - x. List the prime factors of (8/4 - 0) + z.
7
Suppose u - 2832 = -5*r, -5*r - u + 2*u + 2828 = 0. What are the prime factors of r?
2, 283
Let r be 915/10 + (-1)/(-2). Let a = r - 27. Let v = a + -32. List the prime factors of v.
3, 11
Let h(k) = 96*k**2 + 3*k - 1. Let l be h(-3). Let w be 2/(-5) + l/10. Let m = w + -50. What are the prime factors of m?
5, 7
Let w(f) = f**2 + f + 3. Let l be w(-2). Suppose -4*x - 2*z + 88 = 0, 53 = 4*x + l*z - 35. Let n = x - -1. What are the prime factors of n?
23
Let z = -121 - -458. List the prime factors of z.
337
Let f(z) = 6*z**2 - z - 1. Let y be f(-2). Let l be ((-190)/y)/(2/(-10)). Suppose l = o - 5*b, -3*b = 5*o - 2*b - 138. List the prime factors of o.
2, 7
Suppose 4*w - 286 = -3*b, 4*b = w - 48 - 33. Let a = -121 + w. List the prime factors of (-3 - -4)/((-2)/a).
2, 3
Suppose 0 = -5*f + 5*r - 20, 0 = 5*f + r - 2*r + 4. Let c = f - -48. List the prime factors of c.
2, 3
Suppose 21 - 25 = 4*x. Let l be (x + 6)*18/(-6). Let w = 64 + l. List the prime factors of w.
7
Let n(w) = w**2 - 3*w - 13. Let m be n(6). Let z(b) = 255 - b - 253 - m*b + 2*b**2. List the prime factors of z(6).
2, 19
Let s(z) = z**2 - 16*z + 26. Let k be s(12). Let h = 79 + -132. Let t = k - h. What are the prime factors of t?
31
Let o(x) = 30*x**2 + 2*x + 1. Let n(c) = 6 + 2 - c**2 + c - 7. Let l be n(-1). What are the prime factors of o(l)?
29
Let d = 4 - 2. Let r be -277 - (d + 9/(-3)). List the prime factors of r/(-18) + (-1)/3.
3, 5
Suppose 3*o - 9 = 0, -5*r + 10652 - 605 = -o. List the prime factors of r.
2, 3, 5, 67
Suppose -70 = a - 6*a. Suppose 3*z + a = 176. List the prime factors of z.
2, 3
List the prime factors of ((-9224)/(-36))/((-20)/(-90)).
1153
Suppose 0 = -3*l + 5*k + 2006, 2*l + 4*k - 5*k = 1335. List the prime factors of l.
23, 29
Let y = 11 - 6. Suppose -y*g + 14 + 26 = -5*f, -5*g + 16 = f. What are the prime factors of 22/8 + 1/g?
3
Let j(q) = q**2 - 17*q + 20. Let n be j(16). Suppose -4*u + n*f + 176 = 0, -5*u - 2*f + 257 = 44. What are the prime factors of u?
43
Let w(q) = q - 25. Let u be w(16). List the prime factors of ((-24)/u)/((-14)/(-105)).
2, 5
Let f be 2/(-3)*33/22. Let l(m) = -32*m**3 - 2*m**2 + m + 2. What are the prime factors of l(f)?
31
Suppose 272 = -31*q + 33*q - 5*n, -3*n = 3*q - 387. List the prime factors of q.
131
Let u = -3 + 8. Suppose -u*w + 24 = -2*j, 0 = 2*w + 2*j + 3*j - 27. Suppose 2*v - w*v + 92 = 0. List the prime factors of v.
23
Suppose 0 = 2*n - 3*b + 5*b - 22, n - 5*b = 5. Suppose 0 = -2*l + 7*l - n. List the prime factors of (-89)/(-13) + l/13.
7
Let r = -171 - -271. Let m = 56 - r. What are the prime factors of 1/4*m/(-1)?
11
Let i = 97 + -8. What are the prime factors of i?
89
Suppose -5*m - 16 + 104 = -2*x, x + m = -51. Let b = 80 + x. List the prime factors of b.
31
List the prime factors of 1699*2 + (2 - -2)*-1.
2, 1697
Let w(i) = i**2 - 27*i + 81. What are the prime factors of w(42)?
3, 79
Suppose 2*u = -u + 27. Suppose -2*a + 2*q + 10 = -2*q, 0 = 3*a - 4*q - u. What are the prime factors of 4/((a/(-4))/1)?
2
Let n = -57 - -82. Let d(p) = p**3 - 25*p**2 + 7*p + 61. What are the prime factors of d(n)?
2, 59
Let m = -102 - -109. Suppose -p = -m*p + 636. What are the prime factors of p?
2, 53
Let a(r) be the third derivative of r**7/720 - 7*r**6/720 + r**5/10 + 3*r**2. Let m(b) be the third derivative of a(b). What are the prime factors of m(7)?
2, 3, 7
Let r = -12 - -64. What are the prime factors of r?
2, 13
Let i = -36 + 57. Let p be 2 + 8/(8/i). Let a = -16 + p. What are the prime factors of a?
7
Let i(y) = -13*y - 2. Suppose 0 = 5*a - 8 + 33. List the prime factors of i(a).
3, 7
Let k(y) = 33*y**2 - 23*y - 77. List the prime factors of k(-5).
863
Suppose 0 = -3*o - 2*o - 965. Let m = o - -278. List the prime factors of m.
5, 17
Let w(t) = t**2 + 9*t + 16. Let m be ((-4)/6)/((-4)/(-42)). Let c be w(m). List the prime factors of 38*c + 2 + 0.
2, 3, 13
Let u = 3114 + -19. List the prime factors of u.
5, 619
What are the prime factors of 6/(-21) + (-64656)/(-112)?
577
Suppose y + 20 = 5*s, 3*y - 10 = y. List the prime factors of (33 - -2) + s + -1.
3, 13
Suppose 0 = -4*u - 0*h + 2*h + 118, -2*h + 50 = 2*u. Let z = u + 49. What are the prime factors of z?
7, 11
Suppose 3*z = 4*q + 16, q = 3*z - z - 4. Suppose 0 = -3*k + 3*b + 282, 4*b = -z*b. What are the prime factors of k?
2, 47
Suppose -5*c - 1368 = 3*z, 2270 = -z - 4*z - 5*c. Let o = -308 - z. List the prime factors of o.
11, 13
Suppose -20 = 2*j - 84. Suppose -36 = -j*q + 36*q. What are the prime factors of ((-66)/q - 4)*3?
2, 5
Suppose -19*m + 21*m = 14. Suppose 4*h - m = 321. What are the prime factors of h?
2, 41
List the prime factors of (-436494)/(-115) - 9/15.
3, 5, 11, 23
Let k(q) = 2*q - 3. Let c be k(5). Let m be (-276)/66 - 2/(-11). Let y = c - m. List the prime factors of y.
11
Suppose -58*m - 1107 = -61*m. What are the prime factors of m?
3, 41
Let l(q) = 25*q - 1. Let t be (-1)/(-3) - (-34)/6. Let i(o) = 24*o - 1. Let w(k) = t*i(k) - 5*l(k). List the prime factors of w(2).
37
Let d(y) be the third derivative of -y**4/8 + 79*y**3/2 - 2*y**2 - 7. What are the prime factors of d(0)?
3, 79
Let k(a) = a**2 + 6*a - 19. Let r be k(-9). What are the prime factors of 52/8 - 4/r?
2, 3
Suppose 2874*o = 2870*o + 12852. What are the prime factors of o?
3, 7, 17
Suppose -4*n - 28 + 0 = 0. What are the prime factors of (-391)/n - (-18)/126?
2, 7
Suppose o - 1 - 2 = 0. Suppose q - 2 = -w, w + o = 2. What are the prime factors of (10 - q) + (1 - -2)?
2, 5
Suppose -5*n - 484 = 91. Let m = 174 + n. Let a = m - 32. List the prime factors of a.
3
Let v(q) be the first derivative of -10*q**2 - 3. What are the prime factors of v(-1)?
2, 5
List the prime factors of (-14)/70 + 15333/15.
2, 7, 73
Let j = 52 + -33. Suppose 5*d = j + 16. List the prime factors of (-6)/21 + 135/d.
19
Let a(u) be the second derivative of 53*u**5/20 - u**4/12 + u**3/3 - u**2/